e remainder when 3/(-2) + 52/8 is divided by m.
2
Let n = -5162 + 5262. Calculate the remainder when n is divided by 77.
23
Let z(f) = -5*f - 28. Calculate the remainder when z(-9) is divided by ((-2)/(-2))/(4 + (-817)/209).
6
Let z be (32/40)/((-2)/30). Calculate the remainder when 179 is divided by (-2 + z/(-8))*15*-4.
29
Suppose 0 = -3*t - 4*t + 357. Let w = t - -97. What is the remainder when w is divided by 40?
28
Let c(f) = 7*f**3 + 111*f**2 - 415*f + 3. What is the remainder when c(4) is divided by 12?
3
Let x be 16/4 + (-632 - 0). Let i = 5 - -46. Calculate the remainder when i is divided by x/(-24) + 2/(-12).
25
Suppose 36*m + 55 = 37*m + 3*x, -x = 5*m - 163. Calculate the remainder when 1486 is divided by m.
29
Let c(k) = 3*k - 3. Suppose v + 1006 - 127 = 2*j, -3*v - 2613 = 2*j. Let w = 1005 + v. Calculate the remainder when w is divided by c(6).
12
What is the remainder when ((-20)/(-3))/((-1)/132*-11) is divided by 1/((-4)/(-56))*-1*-2?
24
Suppose 8*g = 4*p + 5*g + 58, -2*p = -4*g + 34. Let v = 56 + p. Calculate the remainder when 943 is divided by v.
40
Let u = -3 - -3. Suppose u*l + 4*l = 64. What is the remainder when l is divided by (-93 + 91)/((-5)/15)?
4
Let h(c) = -87*c - 1. Suppose -7*y + 4*p + 127 = 45, 5*y - 3*p = 56. Calculate the remainder when h(-2) is divided by y.
19
Let g(p) = 5*p - 2. Let l be (-2)/(0 + 8/(-68)). Suppose 3699 = 10*o + l*o. Calculate the remainder when o is divided by g(5).
22
What is the remainder when 143 is divided by (-3 + -1 - -5)/(7/112)?
15
Suppose 0*w = -5*w + 100. Let y(t) = -t**2 - 15*t - 13. Let m be y(-6). Suppose -m = -b + 36. Calculate the remainder when b is divided by w.
17
Let f = 401 - 397. Suppose -300 = -f*m - 8*m. What is the remainder when 95 is divided by m?
20
Let n = -15826 - -16048. Calculate the remainder when n is divided by 5.
2
Let n(w) = -w**2 + 13. Let b = 11 - 8. Let a be n(b). Let t(v) = -v**3 + 5*v**2 + 3*v - 9. What is the remainder when 55 is divided by t(a)?
17
Let l = 21058 - 21019. What is the remainder when 4872 is divided by l?
36
Let o = -105 - -107. Suppose o*k + 6 = 2*f, -3*k - 4 + 15 = f. Calculate the remainder when 45 - (2/1 + k) is divided by 21.
20
Let m(q) = 11*q + 17. Suppose -8*h - 126 = -350. Calculate the remainder when m(6) is divided by h.
27
Let d(h) = 8*h**2 + 124*h - 1234. Calculate the remainder when d(11) is divided by 359.
21
Let f(x) = 7*x**2 + 77*x + 159. Suppose -45 = -3*j + 3*s, -3*j = 2*j - 3*s - 83. Calculate the remainder when f(-11) is divided by j.
7
Let w(v) = 10*v**2 + 2*v - 1. Let i(d) = d**2 + 24*d + 67. Suppose 10*b + 7*b = -357. What is the remainder when w(-2) is divided by i(b)?
3
Let r = 148 - 111. Let q = -1 + 3. Let i(b) = 8*b**3 + b**2 + b + 2. What is the remainder when i(q) is divided by r?
35
Let n(b) be the first derivative of -13*b**2/2 - 14*b - 20. What is the remainder when 105 is divided by n(-5)?
3
What is the remainder when 2 + -1 - 6408/27*18/(-12) is divided by 20?
17
Let r = -23683 - -23849. Let p(c) = c**2 + c - 2. Let w be p(-2). What is the remainder when r is divided by w + 14/4*12?
40
What is the remainder when 501 is divided by (78/33)/(2/110)?
111
Suppose -7801*z + 7795*z = -108. Calculate the remainder when 187 is divided by z.
7
Let d = 4525 + -4131. Calculate the remainder when d is divided by 388.
6
Calculate the remainder when 732 is divided by (-8 - 16)*6/(-9).
12
Let w = -5166 + 5181. What is the remainder when 2232 is divided by w?
12
Let o = 3577 - 3542. What is the remainder when 66 is divided by o?
31
Let o(m) = -m + 8. Let z be o(4). Suppose 3*k = -5*v + 178, z*v = k + k - 82. What is the remainder when k is divided by 18?
15
Let b(l) = 5*l + 11. Let o(z) = z - 10. Let w be o(3). Let c be b(w). Let d = c - -65. What is the remainder when 119 is divided by d?
37
Let y = -161 - -388. Suppose 179 + 67 - 39 = 9*a. What is the remainder when y is divided by a?
20
Let u = 554 + -550. Suppose 92 = 6*d - 5*d + u*n, 0 = -5*n + 15. Calculate the remainder when 235 is divided by d.
75
Suppose 43*a - 42*a - 3 = 0. Suppose -4*u = -t - 108, a*u = -5*t + 45 + 59. Calculate the remainder when 306 is divided by u.
26
Let o = 13084 + -13076. Calculate the remainder when 1136 is divided by o.
0
Let d = 63 + -44. Let q(r) = 11*r**2 - r - 1. Suppose 2 = -k + 1. Calculate the remainder when d is divided by q(k).
8
Suppose -2*q - 4*v = -1234, q = -7*v + 8*v + 623. What is the remainder when q is divided by 132?
93
Let j be -2*(-1 - 47/2). Let l = j + -32. Let z = -1792 - -1857. Calculate the remainder when z is divided by l.
14
Let o(v) = v**3 + 22*v**2 - 35*v - 263. What is the remainder when o(-20) is divided by 1230?
7
Let n(c) = -3*c**3 + 16*c**2 - 16*c + 70. What is the remainder when 2009 is divided by n(5)?
14
Let h = 9314 + -9304. What is the remainder when 3*13 - (3 - 0) is divided by h?
6
Suppose -2*d + 360 = 8*d. Suppose -i - d + 61 = 0. Suppose -i = -q - 4. What is the remainder when 82 is divided by q?
19
Let a = -184 + 253. Calculate the remainder when a is divided by (4 - (-55)/(-15))*36.
9
Suppose n + 4*f = 46 + 266, -5*f + 25 = 0. Suppose -13*i = -17*i + n. What is the remainder when 41 is divided by i/7 + 48/84?
8
Let k(g) = -g + 2. Suppose -22 = -8*c + 26. Let j be k(c). Let p(i) = -8*i - 2. What is the remainder when 86 is divided by p(j)?
26
Suppose 0 = -2*z + 5*g + 16, 5*z - g = -3*g + 40. Suppose -37 = -5*l + 3*x - 2*x, -z = -2*l - 3*x. What is the remainder when 20 is divided by l?
6
Suppose -62*j - h + 688 = -57*j, -2*j - 5*h = -289. Suppose 51 = 4*m - j. Let q = 15 + -3. Calculate the remainder when m is divided by q.
11
Let x(n) = 21*n**2 + 3*n**3 - 21*n + 6 + 0*n**3 + 34 - 4*n**3. Calculate the remainder when 128 is divided by x(20).
8
Suppose -l + 2*s - 108 = 3*l, 0 = -3*l + 2*s - 81. Let i = l + 23. Calculate the remainder when 27 is divided by (-19)/(-4) - i - 6/8.
3
Suppose -w + 836 = 5*q, -502 = -3*q - 22*w + 21*w. Suppose f - 186 = -2*i, 3*i - 109 - q = -3*f. What is the remainder when i is divided by 11?
6
Suppose 132 = 8*l - 1108. Calculate the remainder when 165 is divided by 476/(-8)*(l/35 + -5).
29
Let l = -762 + 891. What is the remainder when l is divided by 123?
6
Let z = 95 + -12. Calculate the remainder when z is divided by ((-280)/5 - -24) + 76.
39
Let r = -2095 + 2363. Calculate the remainder when 740 is divided by r.
204
Suppose 0 = 2*i + 5*u - 371 + 117, 4*u - 8 = 0. What is the remainder when 450 is divided by i?
84
Let b(m) = m**2 - 4. Let f be b(2). Suppose f = 19*r - 22*r + 174. Calculate the remainder when r is divided by 10.
8
Let v be 60*(-8)/((-192)/18). Suppose 6*m - 2*m - 162 = -3*i, 0 = m + 3*i - v. What is the remainder when 72 is divided by m?
33
Let z = -3376 - -3834. Calculate the remainder when z is divided by 68.
50
Let y = 123 - 100. Let w(l) be the second derivative of l**4/4 + 2*l**3/3 + 2*l**2 + 3*l. Calculate the remainder when w(4) is divided by y.
22
Let o(m) = 40 + 24*m**2 - m + 11*m**2 - 33*m**2. What is the remainder when o(-7) is divided by 15?
10
Suppose 0 = -g + 4, -9*g + 7*g + 131 = 3*t. Let n(p) = p**3 + 11*p**2 - 21*p - 66. What is the remainder when n(-9) is divided by t?
39
What is the remainder when 2/10 - 222/(-15) is divided by 30/45*(20/(-35))/((-10)/315)?
3
Let l = -102 + 7. Let b = -82 - l. Calculate the remainder when (39 - 15) + 2/(-2) is divided by b.
10
Let k be (-20)/(-10)*((-2)/2)/(-2). Suppose 34*g - 64 = 32*g. Calculate the remainder when (((-744)/15)/(-4))/(k/5) is divided by g.
30
Let i be (12/4 - 0)/((-9)/(-1341)). Suppose -i*l = -440*l - 238. Calculate the remainder when 95 is divided by l.
27
Suppose 2*l - 4*l + 12 = -4*w, -15 = -2*l + w. Suppose -5*n + l*m = 11*m - 150, -2*n + 4*m + 60 = 0. What is the remainder when n is divided by 7?
2
Suppose -5*r - 2*r = -r - 678. What is the remainder when 1710 is divided by r?
15
Suppose 8*s = 4*s + 108. Let o(q) be the first derivative of -4*q**2 + 51*q + 78. Calculate the remainder when o(-3) is divided by s.
21
Suppose 0 = -31*b + 24 + 69. Calculate the remainder when 249 is divided by b.
0
Suppose 72*m - 145*m + 52998 = 0. What is the remainder when m is divided by 5?
1
Suppose 2*w - 1484 = 2*f + 216, 0 = -2*w - 5*f + 1735. Calculate the remainder when w is d